 10 = -n - 5*v, -2 = -h*n - 2*v. List the prime factors of n.
5
Let c(w) = -4*w + 2. Let p be c(-3). Let n = p + -10. List the prime factors of n.
2
Let y = -21 + 12. Let b(a) = a + 8. Let g be b(y). List the prime factors of 5 + (2/2 - g).
7
Let j be (-13)/3 + (-1)/(-3). Let b(v) be the first derivative of -2*v**2 - 6*v - 23. What are the prime factors of b(j)?
2, 5
Suppose -3*q + 0*q + 6 = 3*k, 0 = 2*k + 2. Suppose -q*d + 20 = d. List the prime factors of d.
5
Let q be (2/3)/(10/(-15)). What are the prime factors of (-18)/8*(-7 + q)?
2, 3
Let f = 3 - 8. Let r = -3 - f. What are the prime factors of r?
2
Let a(b) = 6*b**2 + 3*b + 10. Let t(o) = -5*o**2 - 4*o - 9. Let k(g) = -6*a(g) - 7*t(g). What are the prime factors of k(6)?
3
Let g = -24 + 12. List the prime factors of (-2)/(-8) + (-21)/g.
2
Let o = 15 + -11. Suppose 212 - 80 = o*h. List the prime factors of h.
3, 11
Let b(z) = -z**3 - 9*z**2 - 8*z + 9. Let o = 18 - 26. Let k be b(o). Let j = k - 7. What are the prime factors of j?
2
What are the prime factors of (0 - (-2271)/9) + 20/30?
11, 23
Suppose 3*h - 32 = 4*t, -3*t + 6 = -h + 20. Let j be (-16)/(-4) - (7 - -1). List the prime factors of 90/h - (-1)/j.
11
Suppose r + 2 = 3*f + 15, 0 = f - 3*r + 7. What are the prime factors of -2 - 2*78/f?
37
Let z(l) = 8*l**2 + 3*l. Let c be z(-4). Suppose -8 + c = 4*b. List the prime factors of b.
3
Let h(n) = n**3 - n**2 + 5*n - 6. List the prime factors of h(5).
7, 17
Let z = 1 - 0. What are the prime factors of 3*(1 - z/3)?
2
Let k(u) = 4*u - 44. What are the prime factors of k(13)?
2
Let s(c) = -c**3 - 5*c**2 - 6*c + 4. Let q be s(-5). List the prime factors of (-2)/4 + q/4.
2
Let u be 1/(-3) - 49/(-21). Suppose -u*o + 3*o = -5*z - 1, 3*z = 3*o + 3. Let y(v) = -v + 1. What are the prime factors of y(o)?
2
Let o(q) = q**2 + 4*q + 4. Suppose 0 = 4*y - 3*u + 1, -2*u + 9 = -5*y - 1. Let r be o(y). List the prime factors of -6*r/9*-3.
2
Let l be (-1)/(1 + 3/(-2)). Suppose -l*s - 16 = -3*s. List the prime factors of s.
2
Suppose -5*m + 15 + 0 = 0. Suppose -2*j - j + k + 6 = 0, -m*j - 5*k = -6. Suppose j*v - 5 = 5. List the prime factors of v.
5
Let s(y) = y**3 + y**2 + 3*y - 8. What are the prime factors of s(5)?
157
Let y = 7 - 3. What are the prime factors of 14/(-21)*(-78)/y?
13
Suppose -5*c + 75 = -2*y, -5*y - 2*c = -0*c + 173. Let f = -6 - y. List the prime factors of f.
29
Let n(a) = a**3 - a + 43. List the prime factors of n(0).
43
Let s = 14 + -11. Suppose s*b - b - 38 = 0. What are the prime factors of b?
19
Suppose 3*f = 4*s + 90, -3*f + 37 + 26 = 5*s. What are the prime factors of f?
2, 13
What are the prime factors of (-27 - 1)/4*162/(-7)?
2, 3
Let s(l) = l**3 - 10*l**2 + l - 14. Let p be s(10). What are the prime factors of p/(-8) + 98/4?
5
Let a = 0 - -5. What are the prime factors of a?
5
Suppose 0*n = n - 2*o - 8, 0 = 4*n + 4*o + 4. Suppose 0 = n*r + 4*t, 0*r + 9 = 5*r + t. List the prime factors of r.
2
Suppose q - 6 = -4. Let f = q + 0. Suppose 0 = -f*i - 3*i + 20. What are the prime factors of i?
2
Suppose -k = -5 - 7. List the prime factors of k.
2, 3
Suppose -2*s = -21 - 57. Let j = 56 - s. List the prime factors of j.
17
Let q(z) = 9*z**2 + 2*z + 1. What are the prime factors of q(2)?
41
Let s = 37 - 8. List the prime factors of s.
29
Suppose -5*y = -i - 2*i - 10, -2*i = 5*y - 35. Suppose -54 = -y*d + 2*d. List the prime factors of d.
2, 3
Suppose l = -0*l + 39. List the prime factors of l.
3, 13
Let x = -17 + 20. Suppose 0 = -x*p + 70 - 10. List the prime factors of p.
2, 5
Suppose 2*g - 48 = -j, -74 = -3*g - 2*j - 0*j. List the prime factors of g.
2, 11
Suppose -16*b = -263 - 249. List the prime factors of b.
2
Suppose -a = -j - 3*a + 43, 5*j = 2*a + 239. List the prime factors of j.
47
Let t(h) = 2*h**2 + 19*h - 26. What are the prime factors of t(-20)?
2, 197
Let u(q) = q**3 + q**2 + q - 1. Let a(c) = c**3 - 5*c**2 + c. Let k(t) = a(t) + 2*u(t). List the prime factors of k(2).
2
List the prime factors of 1/(-3)*-9 + 76.
79
Suppose 0 = -3*p + 4*p - 3. Suppose 2*m = -4*r - r + 28, -p*m - 4*r + 28 = 0. Let g(z) = 2*z - 4. List the prime factors of g(m).
2
Let a(l) = l**3 - 2*l**2 + l. Let c = 9 + -7. List the prime factors of a(c).
2
Let h(u) = -u**2 + 3*u + 1. Let k be h(2). Suppose k = -q + 19. List the prime factors of q.
2
Let x = -25 + 7. Let f = x - -29. What are the prime factors of f?
11
Let d(q) = 17*q - 14. List the prime factors of d(8).
2, 61
Suppose -4*u = -4*t + 8, -3*u - 5*t - 1 = -3. Let w = 6 + u. Suppose i + l = w*l + 3, 3*i + l - 35 = 0. List the prime factors of i.
11
Let q(t) be the third derivative of t**5/10 - t**4/8 - 2*t**3/3 + 5*t**2. List the prime factors of q(-2).
2, 13
Suppose -7 = -2*r + 4*j + 3, -5*r = -2*j - 25. Let m(s) = -s**3 + 5*s**2 + s - 1. What are the prime factors of m(r)?
2
Let l(n) be the second derivative of 0 - 1/6*n**3 - 2*n - 1/2*n**2. What are the prime factors of l(-6)?
5
Suppose 4 = k + 3. Let f(s) = 28*s**2. List the prime factors of f(k).
2, 7
Let v(r) = -r + 3. Let o be v(5). Let t = 17 + o. Suppose l = -3*k - 3*l + 16, 0 = 3*l + t. What are the prime factors of k?
2, 3
Let z(q) = -q**3 + 8*q**2 - 12*q - 5. List the prime factors of z(5).
2, 5
List the prime factors of (-2 - 39)*(-7 + 6).
41
Let u(l) = -2*l**2 + 0 + 0*l**2 + 4 - 7*l - 2*l**2 + l**3. Let x be u(6). Let v = x + -24. List the prime factors of v.
2, 5
Let i(g) = -g**3 + g**2 - 1. Let d be i(-1). Let b(q) = -3*q**3 + 2*q**3 + d - 1 - 2 - 2*q. What are the prime factors of b(-2)?
2, 5
Let y(p) be the third derivative of 3*p**2 - 5/12*p**4 + 0*p**3 + 0*p + 0. List the prime factors of y(-1).
2, 5
Let z = -5 + 14. Let w be (-3 + 39/z)*3. Suppose -y = -0*y - 5*q - 28, 4*q = -w*y - 8. List the prime factors of y.
3
Let s = -7 + 11. Let v = 8 - s. Suppose 0 = -y - 4*y, -v*p + 2*y + 16 = 0. List the prime factors of p.
2
Let b = 20 - -15. What are the prime factors of b/20 - 1/(-4)?
2
Let o(w) = w**3 + 9*w**2 + 8*w + 3. Let l be o(-8). Suppose 2*h - 102 = -4*q, -2*h + 0*h = -l*q + 73. List the prime factors of q.
5
Let p = -8 + -5. What are the prime factors of (-1)/(1/p) - -2?
3, 5
Let y(z) = 2*z**2 - 4*z - 21. What are the prime factors of y(-6)?
3, 5
Suppose 0 = -5*z - 2*i - 6 - 6, -3*i - 5 = z. Let n be ((-7)/3 - z)*-6. Suppose 3 - 5 = -t - n*x, 14 = 4*t + 2*x. What are the prime factors of t?
2
Let i(c) be the third derivative of -5/6*c**3 + 1/12*c**5 + 1/120*c**6 + 0*c - 2*c**2 + 0*c**4 + 0. What are the prime factors of i(-4)?
11
Let p = -9 - -11. Let j be (p - 3)*(-1 - -1). Let c = 6 - j. What are the prime factors of c?
2, 3
Let d = 2 - -2. Suppose r + 9 = d*v, 0*v = -3*r - 3*v + 18. Suppose 0 = r*s + 3 - 60. What are the prime factors of s?
19
Let i(w) be the second derivative of -w**5/20 - 3*w**4/4 + 7*w**3/6 - 3*w**2/2 - 5*w. List the prime factors of i(-10).
3
Suppose 8 = 3*m + m. List the prime factors of 2 + (m - 2)/1.
2
Let x = -60 + 77. What are the prime factors of x?
17
Let l(h) = 2*h**2 + 6*h + 27. List the prime factors of l(-9).
3, 5
Let w = -315 + 445. What are the prime factors of w?
2, 5, 13
Let b(w) = 2*w**3 - 3 + 5*w**2 + 4*w**3 - 5*w**3 - 8*w. What are the prime factors of b(-6)?
3
List the prime factors of (19/(-19))/(((-5)/258)/5).
2, 3, 43
Let z = -343 - -501. List the prime factors of z.
2, 79
Suppose 17 = t - 0. What are the prime factors of t?
17
Let h(u) = -25*u + 1. What are the prime factors of h(-5)?
2, 3, 7
Let u be (9/3)/((-3)/(-22)). Suppose -u = -2*p - 2. List the prime factors of 76/p - (-2)/5.
2
Let h be (-1 + 3/2)*0. Let v = 74 - 4. Suppose 5*c + h*c - v = 0. What are the prime factors of c?
2, 7
Let l be (2/3)/(2/(-12)). Let c be (14 + l)*(-2)/(-2). Let y = c - -8. List the prime factors of y.
2, 3
Let a(r) = 20*r + 2. List the prime factors of a(3).
2, 31
Suppose -6*c - 292 = -10*c. List the prime factors of c.
73
Suppose 4*z - z = 0. Suppose z = -3*m - m + 48. What are the prime factors of m?
2, 3
Suppose 3*w - 13 = 26. Suppose 11*j - w*j + 38 = 0. What are the prime factors of j?
19
Let p be -3 + -1 + 2 - 24. Let k = 39 + p. What are the prime factors of k?
13
Suppose -3*i = -c - 19, 2*c = -0*i + i - 43. Let y be (-2)/(-2) + -2 - c. Let w = y + -15. List the prime factors of w.
2, 3
Suppose -10*n = -5*n. Suppose -p 